{"id":28,"date":"2020-10-25T11:47:39","date_gmt":"2020-10-25T11:47:39","guid":{"rendered":"https:\/\/apapy.org\/sjapa\/?page_id=28"},"modified":"2020-12-21T18:32:11","modified_gmt":"2020-12-21T18:32:11","slug":"la-sociedad","status":"publish","type":"page","link":"https:\/\/apapy.org\/sjapa\/la-sociedad\/","title":{"rendered":"La Sociedad"},"content":{"rendered":"<div class=\"wpb-content-wrapper\">[vc_row][vc_column][vc_custom_heading text=\u00bbComisi\u00f3n Directiva Actual\u00bb use_theme_fonts=\u00bbyes\u00bb][vc_empty_space][vc_single_image image=\u00bb930&#8243; alignment=\u00bbcenter\u00bb][vc_single_image image=\u00bb931&#8243; alignment=\u00bbcenter\u00bb][vc_single_image image=\u00bb3612&#8243; alignment=\u00bbcenter\u00bb][vc_custom_heading text=\u00bbLa nueva comisi\u00f3n directiva lleva como norte los objetivos de la transparencia y el cambio\u00bb font_container=\u00bbtag:h2|text_align:center|color:%23666666&#8243; use_theme_fonts=\u00bbyes\u00bb][\/vc_column][\/vc_row][vc_row][vc_column width=\u00bb2\/3&#8243;][vc_column_text]\n<h2>Historia<\/h2>\n<p style=\"text-align: justify;\">El 1 de Julio de 1.951, en Asunci\u00f3n, Paraguay se reunen en Asamblea General Extraordinaria los miembros de Autores Paraguayos Asociados (A. P. A)., presidida por el Profesor Remberto Gimenez a fin de aprobar el Proyecto de Estatutos elaborado por la primera Comisi\u00f3n Provisoria y elegir un nuevo Directorio, que fue electo por unanimidad.<\/p>\n<h3>Aprobados los Estatutos<\/h3>\n<p style=\"text-align: justify;\">El Presidente, Profesor Remberto Gim\u00e9nez , expresa que el proyecto de Estatuto elaborado por la primera Comisi\u00f3n Provisoria, y adoptado provisionalmente por la Asamblea anterior como instrumento indispensable para ajustarse a sus disposiciones al Directorio, hab\u00eda sido objeto de una completa y detenida revisi\u00f3n y ampliaci\u00f3n a la luz de las experiencias recogidas por las entidades similares, de modo que podr\u00eda ser considerado como un instrumento suficientemente perfeccionado para regir el desenvolvimiento de la entidad en esta nueva etapa de su organizaci\u00f3n.<\/p>\n<p>Con esto, el Profesor Remberto Gim\u00e9nez dice:<\/p>\n<blockquote>\n<p>Que el Directorio que le cupo presidir cree haber cumplido su cometido y hace llegar a la Asamblea la renuncia colectiva de sus miembros, y pone a consideraci\u00f3n de la misma la elecci\u00f3n del nuevo Directorio que ha de presidir la marcha de la entidad, hoy perfeccionada con las aprobaciones de los Estatuto, ya que con los estudios de estos y con los trabajos preliminares de montaje del mecanismo administrativo del A.P.A. el Directorio de su presidencia da por terminado su mandato.<\/p>\n<\/blockquote>\n[\/vc_column_text][\/vc_column][vc_column width=\u00bb1\/3&#8243;][vc_column_text font_family=\u00bbMontserrat\u00bb]\n<pre>En el a\u00f1o 1951 el Directorio aprobado por unanimidad qued\u00f3 constituido de la siguiente forma:\r\n\r\nPresidente:\r\nDon Juan E. O\u2019Leary\r\n\r\nVice- presidente:\r\nDon Juan Carlos Moreno Gonz\u00e1lez\r\nSecretario:\r\nDon Mauricio Cardozo Ocampo\r\nVice- Secretario:\r\nDon Aniceto Vera Ibarrola\r\nTesorero:\r\nDon Guillermo T. Bertoni\r\nVice- Tesorero:\r\nDon Eladio Mart\u00ednez\r\nVocales:\r\nDr. Don Hip\u00f3lito S\u00e1nchez Quell\r\nDr. Don Juan Max Boettner.\r\nProf. Don Remberto Gim\u00e9nez\r\nDon Julio Correa\r\nDon Pablo Alborno\r\nSuplentes:\r\nDr. Don Ezequiel Gonz\u00e1lez Alsina\r\nDon Facundo Recalde\r\nDon Jos\u00e9 D. Portillo\r\nDon Leonardo Alarc\u00f3n.\r\nDon Vicente Lamas\r\nDon Manuel Rivas Ortellado.<\/pre>\n[\/vc_column_text][\/vc_column][\/vc_row][vc_row content_placement=\u00bbmiddle\u00bb][vc_column width=\u00bb2\/3&#8243;][vc_custom_heading text=\u00bbLa Nueva APA\u00bb use_theme_fonts=\u00bbyes\u00bb][vc_column_text]\n<h3>Cambio de Imagen y renovaci\u00f3n<\/h3>\n<p style=\"text-align: justify;\">Se decidi\u00f3 dar un cambio rotundo a la imagen a fin de recuperar la identidad de la Sociedad, pese a ser de reconocimiento emblem\u00e1tico en todo el pa\u00eds sus caracter\u00edsticos colores: el rojo, el blanco y el azul, como nuestra bandera patria; pero tambi\u00e9n asociado a malas administraciones.<\/p>\n<p style=\"text-align: justify;\">Es as\u00ed, como el nuevo logo consiste en la imagen del P\u00e1jaro Campana posado sobre un pentagrama, renovando nuestra imagen con frescura y brind\u00e1ndole modernidad. Inspirados en la leyenda del Guyr\u00e1 Campana, el ave emblema de nuestro pa\u00eds, que enfrenta victorioso al Yaguaret\u00e9, con su cantar.<\/p>\n[\/vc_column_text][\/vc_column][vc_column width=\u00bb1\/3&#8243;][vc_empty_space height=\u00bb40px\u00bb][vc_single_image image=\u00bb625&#8243; alignment=\u00bbcenter\u00bb][\/vc_column][\/vc_row]\n<\/div>","protected":false},"excerpt":{"rendered":"<p>[vc_row][vc_column][vc_custom_heading text=\u00bbComisi\u00f3n Directiva Actual\u00bb use_theme_fonts=\u00bbyes\u00bb][vc_empty_space][vc_single_image image=\u00bb930&#8243; alignment=\u00bbcenter\u00bb][vc_single_image image=\u00bb931&#8243; alignment=\u00bbcenter\u00bb][vc_single_image image=\u00bb3612&#8243; alignment=\u00bbcenter\u00bb][vc_custom_heading text=\u00bbLa nueva comisi\u00f3n directiva lleva como norte los objetivos de la transparencia y el cambio\u00bb font_container=\u00bbtag:h2|text_align:center|color:%23666666&#8243; use_theme_fonts=\u00bbyes\u00bb][\/vc_column][\/vc_row][vc_row][vc_column width=\u00bb2\/3&#8243;][vc_column_text] Historia El 1 de Julio de 1.951, en Asunci\u00f3n, Paraguay se&hellip;<\/p>\n","protected":false},"author":1,"featured_media":0,"parent":0,"menu_order":0,"comment_status":"closed","ping_status":"closed","template":"","meta":{"footnotes":""},"class_list":["post-28","page","type-page","status-publish","hentry","entry","no-media"],"_links":{"self":[{"href":"https:\/\/apapy.org\/sjapa\/wp-json\/wp\/v2\/pages\/28","targetHints":{"allow":["GET"]}}],"collection":[{"href":"https:\/\/apapy.org\/sjapa\/wp-json\/wp\/v2\/pages"}],"about":[{"href":"https:\/\/apapy.org\/sjapa\/wp-json\/wp\/v2\/types\/page"}],"author":[{"embeddable":true,"href":"https:\/\/apapy.org\/sjapa\/wp-json\/wp\/v2\/users\/1"}],"replies":[{"embeddable":true,"href":"https:\/\/apapy.org\/sjapa\/wp-json\/wp\/v2\/comments?post=28"}],"version-history":[{"count":39,"href":"https:\/\/apapy.org\/sjapa\/wp-json\/wp\/v2\/pages\/28\/revisions"}],"predecessor-version":[{"id":3613,"href":"https:\/\/apapy.org\/sjapa\/wp-json\/wp\/v2\/pages\/28\/revisions\/3613"}],"wp:attachment":[{"href":"https:\/\/apapy.org\/sjapa\/wp-json\/wp\/v2\/media?parent=28"}],"curies":[{"name":"wp","href":"https:\/\/api.w.org\/{rel}","templated":true}]}}

<div class="wpb-content-wrapper">[vc_row][vc_column][vc_custom_heading text=»Comisión Directiva Actual» use_theme_fonts=»yes»][vc_empty_space][vc_single_image image=»930&#8243; alignment=»center»][vc_single_image image=»931&#8243; alignment=»center»][vc_single_image image=»3612&#8243; alignment=»center»][vc_custom_heading text=»La nueva comisión directiva lleva como norte los objetivos de la transparencia y el cambio» font_container=»tag:h2|text_align:center|color:%23666666&#8243; use_theme_fonts=»yes»][/vc_column][/vc_row][vc_row][vc_column width=»2/3&#8243;][vc_column_text]
<h2>Historia</h2>
<p style="text-align: justify;">El 1 de Julio de 1.951, en Asunción, Paraguay se reunen en Asamblea General Extraordinaria los miembros de Autores Paraguayos Asociados (A. P. A)., presidida por el Profesor Remberto Gimenez a fin de aprobar el Proyecto de Estatutos elaborado por la primera Comisión Provisoria y elegir un nuevo Directorio, que fue electo por unanimidad.</p>
<h3>Aprobados los Estatutos</h3>
<p style="text-align: justify;">El Presidente, Profesor Remberto Giménez , expresa que el proyecto de Estatuto elaborado por la primera Comisión Provisoria, y adoptado provisionalmente por la Asamblea anterior como instrumento indispensable para ajustarse a sus disposiciones al Directorio, había sido objeto de una completa y detenida revisión y ampliación a la luz de las experiencias recogidas por las entidades similares, de modo que podría ser considerado como un instrumento suficientemente perfeccionado para regir el desenvolvimiento de la entidad en esta nueva etapa de su organización.</p>
<p>Con esto, el Profesor Remberto Giménez dice:</p>
<blockquote>
<p>Que el Directorio que le cupo presidir cree haber cumplido su cometido y hace llegar a la Asamblea la renuncia colectiva de sus miembros, y pone a consideración de la misma la elección del nuevo Directorio que ha de presidir la marcha de la entidad, hoy perfeccionada con las aprobaciones de los Estatuto, ya que con los estudios de estos y con los trabajos preliminares de montaje del mecanismo administrativo del A.P.A. el Directorio de su presidencia da por terminado su mandato.</p>
</blockquote>
[/vc_column_text][/vc_column][vc_column width=»1/3&#8243;][vc_column_text font_family=»Montserrat»]
<pre>En el año 1951 el Directorio aprobado por unanimidad quedó constituido de la siguiente forma:

Presidente:
Don Juan E. O’Leary

Vice- presidente:
Don Juan Carlos Moreno González
Secretario:
Don Mauricio Cardozo Ocampo
Vice- Secretario:
Don Aniceto Vera Ibarrola
Tesorero:
Don Guillermo T. Bertoni
Vice- Tesorero:
Don Eladio Martínez
Vocales:
Dr. Don Hipólito Sánchez Quell
Dr. Don Juan Max Boettner.
Prof. Don Remberto Giménez
Don Julio Correa
Don Pablo Alborno
Suplentes:
Dr. Don Ezequiel González Alsina
Don Facundo Recalde
Don José D. Portillo
Don Leonardo Alarcón.
Don Vicente Lamas
Don Manuel Rivas Ortellado.</pre>
[/vc_column_text][/vc_column][/vc_row][vc_row content_placement=»middle»][vc_column width=»2/3&#8243;][vc_custom_heading text=»La Nueva APA» use_theme_fonts=»yes»][vc_column_text]
<h3>Cambio de Imagen y renovación</h3>
<p style="text-align: justify;">Se decidió dar un cambio rotundo a la imagen a fin de recuperar la identidad de la Sociedad, pese a ser de reconocimiento emblemático en todo el país sus característicos colores: el rojo, el blanco y el azul, como nuestra bandera patria; pero también asociado a malas administraciones.</p>
<p style="text-align: justify;">Es así, como el nuevo logo consiste en la imagen del Pájaro Campana posado sobre un pentagrama, renovando nuestra imagen con frescura y brindándole modernidad. Inspirados en la leyenda del Guyrá Campana, el ave emblema de nuestro país, que enfrenta victorioso al Yaguareté, con su cantar.</p>
[/vc_column_text][/vc_column][vc_column width=»1/3&#8243;][vc_empty_space height=»40px»][vc_single_image image=»625&#8243; alignment=»center»][/vc_column][/vc_row]
</div>

<p>[vc_row][vc_column][vc_custom_heading text=»Comisión Directiva Actual» use_theme_fonts=»yes»][vc_empty_space][vc_single_image image=»930&#8243; alignment=»center»][vc_single_image image=»931&#8243; alignment=»center»][vc_single_image image=»3612&#8243; alignment=»center»][vc_custom_heading text=»La nueva comisión directiva lleva como norte los objetivos de la transparencia y el cambio» font_container=»tag:h2|text_align:center|color:%23666666&#8243; use_theme_fonts=»yes»][/vc_column][/vc_row][vc_row][vc_column width=»2/3&#8243;][vc_column_text] Historia El 1 de Julio de 1.951, en Asunción, Paraguay se&hellip;</p>
