{"id":30,"date":"2020-10-25T11:54:15","date_gmt":"2020-10-25T11:54:15","guid":{"rendered":"https:\/\/apapy.org\/sjapa\/?page_id=30"},"modified":"2020-12-16T10:45:02","modified_gmt":"2020-12-16T10:45:02","slug":"requisitos","status":"publish","type":"page","link":"https:\/\/apapy.org\/sjapa\/requisitos\/","title":{"rendered":"Requisitos"},"content":{"rendered":"<div class=\"wpb-content-wrapper\">[vc_row][vc_column width=\u00bb2\/3&#8243;][vc_column_text]\n<h2>Introducci\u00f3n.<\/h2>\n<p style=\"text-align: justify;\">Actualmente, no se requiere pago de cuota de ingreso como Representado pero en la gesti\u00f3n de los derechos autorales la entidad est\u00e1 autorizada a deducir los gastos administrativos y de asistencia social previsto en la Ley 1328 y los Estatutos Sociales.<\/p>\n<p style=\"text-align: justify;\">Todas las personas que desean que se gestionen sus obras, ingresan dentro de la categor\u00eda de Representado. Luego, se requiere el cumplimiento de otros requisitos para ser Socio Administrado y posteriormente Socio Activo. Es importante tener presente las diferencias de categor\u00edas que existen dentro de APA, seg\u00fan la ley y los Estatutos Sociales.<\/p>\n<h2>Conceptos Importantes.<\/h2>\n<h3>Representados<\/h3>\n<p style=\"text-align: justify;\">De acuerdo con el Art. 9\u00ba de los Estatutos \u201cSer\u00e1n considerados representados los titulares de derechos que mantienen con la entidad una relaci\u00f3n de car\u00e1cter no asociativo para hacer efectivo sus derechos econ\u00f3micos, por lo que participan y se vinculan con la entidad a este solo efecto\u201d.<\/p>\n<h3>Clases de socios<\/h3>\n<p style=\"text-align: justify;\">Art. 6\u00ba. Los socios se clasifican en las siguientes categor\u00edas: Fundadores, Honorarios, Socios Activos y Socios Administrados.<\/p>\n<p style=\"text-align: justify;\">APA es una organizaci\u00f3n no gubernamental establecida como asociaci\u00f3n de gesti\u00f3n de Autores Paraguayos Asociados, autorizado por el Estado y la DINAPI. En caso que tambi\u00e9n seas artista, int\u00e9rprete, ejecutante y\/o productor fonogr\u00e1fico deber\u00edas asociarte tambi\u00e9n a otras entidades como AIE (Entidad Paraguaya de Artistas Int\u00e9rpretes y Ejecutantes) y SGP (Sociedad de Productores Fonogr\u00e1ficos del Paraguay).<\/p>\n<h3>\u00bfC\u00f3mo ingresar a APA?<\/h3>\n<h4>Requisitos para ser Representado.<\/h4>\n<ol>\n<li>Tener capacidad legal y ser mayor de edad. En caso de no alcanzar la mayor\u00eda de edad, debe firmar un tutor por el interesado.<\/li>\n<li>Poseer la calidad de autor y titular de derechos de autor.<\/li>\n<li>Llenar el formulario de <a href=\"https:\/\/apapy.org\/sjapa\/solicitud-de-ingreso\/\">Solicitud de Ingreso<\/a>.<\/li>\n<li>Imprimir y Firmar el PDF de Solicitud de Ingreso que le llegar\u00e1 al correo que indic\u00f3 en el formulario.<\/li>\n<li>Enviar un correo electr\u00f3nico a asociate@apa.org.py adjuntando:<\/li>\n<li>PDF de Solicitud de Ingreso debidamente firmada.<\/li>\n<li>Copia escaneada de la letra de las obras.<\/li>\n<li>Copia escaneada de la parte musical (partituras).<\/li>\n<li>Material de audio de las obras. Los audios deben ser enviados de forma preferente en formato MP3, con resoluci\u00f3n de 320 Kbps o WAVE con resoluci\u00f3n de 16 bits, 44100 khz. Tambi\u00e9n se aceptan los siguientes formatos: AAC, M4A, Ogg Vorbis, WMA, (Tener en cuenta que los audios no pueden superar de tama\u00f1o los 100 MB). La remisi\u00f3n de los audios no implica de inmediato aceptaci\u00f3n ni obligaci\u00f3n hasta que los mismos sean levantados para su monitoreo por el sistema BMAT.<\/li>\n<li>Copia escaneada de la solicitud de registro o certificado definitivo de la DINAPI.<\/li>\n<li>Copia escaneada o foto de la c\u00e9dula de identidad del interesado de ambos lados.<\/li>\n<li>Copia escaneada o foto del antecedente policial.<\/li>\n<li>Llenar el formulario de <a href=\"https:\/\/apapy.org\/sjapa\/declaracion-de-obras-nuevas-con-audio\/\">Declaraci\u00f3n de Obras Nuevas con Audio<\/a><\/li>\n<li>Imprimir la Declaraci\u00f3n de Obras Nuevas con Audio en PDF que le llegar\u00e1 al correo.<\/li>\n<li>Firmar y adjuntar con el resto de los requisitos.<\/li>\n<li>Si prefiere puede hacer llegar todos los requisitos en persona<\/li>\n<\/ol>\n<p>Posteriormente para ser Socio, son requisitos:<\/p>\n<ol>\n<li>La cantidad m\u00ednima de obras debidamente registradas en la DINAPI.<br \/>\nPara las obras de car\u00e1cter literario \u2013 musicales (canciones), se requieren 5 (cinco) obras musicales o 5 (cinco) obras po\u00e9ticas. Por ejemplo: al tener 3 canciones registradas (letra y m\u00fasica), equivalen a 6 obras. Las obras musicalizadas deber\u00e1n estar lanzadas en alguna plataforma comercial como por ejemplo ITunes, Spotify, Deezer, (no Youtube, no SoundCloud).<\/li>\n<li>Haber generado una remuneraci\u00f3n m\u00ednima por derecho de autor determinada y reglamentada por la Comisi\u00f3n Directiva.<\/li>\n<li>Estar avalado por 2 (dos) socios activos como proponentes.<\/li>\n<li>Asistir a una charla informativa sobre derecho de autor y el funcionamiento de la entidad de gesti\u00f3n APA<\/li>\n<li>Declarar expresamente que ley\u00f3, conoce y acepta los estatutos y que conoce las reglamentaciones y leyes que rigen la gesti\u00f3n colectiva de representaci\u00f3n y gesti\u00f3n autoral, as\u00ed como las leyes sobre derechos autorales y de propiedad intelectual nacionales e internacionales.<\/li>\n<li>Si la Comisi\u00f3n Directiva acepta la incorporacio\u0301n como socio de la entidad, puede proceder a abonar la cuota de ingreso actual de Gs. 500.000 (quinientos mil guaran\u00edes) y suscribir el contrato de gestio\u0301n.<\/li>\n<\/ol>\n<h2>Definiciones seg\u00fan la ley y los Estatutos Sociales.<\/h2>\n<h3>Socios fundadores y honorarios<\/h3>\n<p>a). Son Socios Fundadores los que han suscrito el Acta de Fundaci\u00f3n de la Entidad.<\/p>\n<p>b). Son socios Honorarios, los que siendo o no socios, por sus obras o actuaciones hayan enaltecido art\u00edstica, literaria o cient\u00edfica sea producci\u00f3n autoral paraguaya o extranjera, y aquellas que por sus grandes y reconocidos m\u00e9ritos en favor de esta Entidad se hagan merecedores de esta distinci\u00f3n.<\/p>\n<p style=\"text-align: justify;\">La Asamblea ser\u00e1\u0301 la encargada de discernir este t\u00edtulo a petici\u00f3n de la Comisi\u00f3n Directiva o cincuenta asociados. Los asociados que sean designados Socios Honorarios no perder\u00e1n sus dem\u00e1s derechos en la entidad.<\/p>\n<h3>Socios activos<\/h3>\n<p style=\"text-align: justify;\">Art. 7\u00ba. Son socios activos los autores, compositores y dem\u00e1s titulares de derechos autorales que acrediten dos a\u00f1os de antig\u00fcedad como socios administrados y hayan obtenido en ese periodo una producci\u00f3n acumulada equivalente no menor a un salario m\u00ednimo legal en el \u00faltimo a\u00f1o.<\/p>\n<h3>Socios administrados<\/h3>\n<p style=\"text-align: justify;\">Art. 8\u00ba. Son socios administrados, los autores que ingresen a la entidad mientras no cubran los m\u00ednimos de antig\u00fcedad y producci\u00f3n a que se refiere el art\u00edculo anterior y sean titulares de obras publicadas o difundidas que devenguen derechos autorales.<\/p>\n<p>Conozca nuestros <a href=\"https:\/\/apapy.org\/sjapa\/estatutos-sociales\/\" rel=\"noopener noreferrer\">Estatutos Sociales.<\/a>[\/vc_column_text][\/vc_column][vc_column width=\u00bb1\/3&#8243;][vc_column_text]\n<h3>N\u00fameros de contacto para realizar consultas.<\/h3>\n<pre>Para realizar correctamente el proceso de admisi\u00f3n, podr\u00edas contactarte por WhatsApp o llamada con el \u00c1rea de Atenci\u00f3n al Socio. Los n\u00fameros disponibles son 0972-445-300, 0981-425-720, 0981-447-218 y 0984-171-483. Esos n\u00fameros est\u00e1n disponibles de Lunes a Viernes, de 8:30 a 12:00 horas y de 13:00 a 16:00 horas.<\/pre>\n[\/vc_column_text][\/vc_column][\/vc_row]\n<\/div>","protected":false},"excerpt":{"rendered":"<p>[vc_row][vc_column width=\u00bb2\/3&#8243;][vc_column_text] Introducci\u00f3n. Actualmente, no se requiere pago de cuota de ingreso como Representado pero en la gesti\u00f3n de los derechos autorales la entidad est\u00e1 autorizada a deducir los gastos administrativos y de asistencia social previsto en la Ley 1328&hellip;<\/p>\n","protected":false},"author":1,"featured_media":0,"parent":0,"menu_order":0,"comment_status":"closed","ping_status":"closed","template":"","meta":{"footnotes":""},"class_list":["post-30","page","type-page","status-publish","hentry","entry","no-media"],"_links":{"self":[{"href":"https:\/\/apapy.org\/sjapa\/wp-json\/wp\/v2\/pages\/30","targetHints":{"allow":["GET"]}}],"collection":[{"href":"https:\/\/apapy.org\/sjapa\/wp-json\/wp\/v2\/pages"}],"about":[{"href":"https:\/\/apapy.org\/sjapa\/wp-json\/wp\/v2\/types\/page"}],"author":[{"embeddable":true,"href":"https:\/\/apapy.org\/sjapa\/wp-json\/wp\/v2\/users\/1"}],"replies":[{"embeddable":true,"href":"https:\/\/apapy.org\/sjapa\/wp-json\/wp\/v2\/comments?post=30"}],"version-history":[{"count":16,"href":"https:\/\/apapy.org\/sjapa\/wp-json\/wp\/v2\/pages\/30\/revisions"}],"predecessor-version":[{"id":3535,"href":"https:\/\/apapy.org\/sjapa\/wp-json\/wp\/v2\/pages\/30\/revisions\/3535"}],"wp:attachment":[{"href":"https:\/\/apapy.org\/sjapa\/wp-json\/wp\/v2\/media?parent=30"}],"curies":[{"name":"wp","href":"https:\/\/api.w.org\/{rel}","templated":true}]}}