{"id":671,"date":"2020-11-03T23:38:09","date_gmt":"2020-11-03T23:38:09","guid":{"rendered":"https:\/\/apapy.org\/sjapa\/?page_id=671"},"modified":"2020-12-17T11:38:58","modified_gmt":"2020-12-17T11:38:58","slug":"preguntas-frecuentes","status":"publish","type":"page","link":"https:\/\/apapy.org\/sjapa\/preguntas-frecuentes\/","title":{"rendered":"Preguntas Frecuentes"},"content":{"rendered":"<div class=\"wpb-content-wrapper\">[vc_row][vc_column][vc_column_text]\n<h3>\u00bfQU\u00c9 ES APA?<\/h3>\n<p style=\"text-align: justify;\">Autores Paraguayos Asociados (APA) es una entidad civil de acci\u00f3n privada, sin fines de lucro, con domicilio legal en la Ciudad de Asunci\u00f3n, Capital de la rep\u00fablica del Paraguay, que se rige por sus Estatutos Sociales y los reglamentos que en su consecuencia se han dictado. Es una sociedad de gesti\u00f3n colectiva que representa los derechos de los autores y compositores paraguayos y extranjeros. Est\u00e1 afiliada a la CISAC (CONFEDERACI\u00d3N INTERNACIONAL DE SOCIEDADES DE AUTORES Y COMPOSITORES).<\/p>\n<h3 style=\"text-align: justify;\">\u00bfQU\u00c9 FINES TIENE APA EN CUANTO A LA DIFUSI\u00d3N DE OBRAS NACIONALES Y EXTRANJERAS?<\/h3>\n<p>La protecci\u00f3n y defensa, en el pa\u00eds y en el extranjero, de la producci\u00f3n de los autores y compositores asociados y entidades representadas en cuanto a sus obras literarias, art\u00edsticas, cient\u00edficas y musicales, publicadas, in\u00e9ditas o grabadas por cualquier procedimiento fonomec\u00e1nico, fotoel\u00e9ctrico o audiovisual; para tal efecto celebra convenios con instituciones similares extranjeras para la rec\u00edproca defensa y percepci\u00f3n de los derechos de sus respectivos asociados; vigilar su cumplimiento y asegurar la protecci\u00f3n de las obras de sus asociados.<\/p>\n<h3>\u00bfPOR QU\u00c9 DEBO PAGAR POR UNA LICENCIA DE EJECUCI\u00d3N DE APA?<\/h3>\n<p>La obra musical o art\u00edstica, en general, es propiedad \u00fanica y exclusiva del autor (Art. 110 Constituci\u00f3n Nacional). A este le corresponde la protecci\u00f3n de sus derechos morales a) derecho de divulgaci\u00f3n; b) derecho de paternidad; c) derecho de integridad; y d) derecho del retiro de la obra del comercio) y la protecci\u00f3n de su derecho patrimonial, es decir, el derecho exclusivo de explotar su obra bajo cualquier forma o procedimiento, y de obtener por ello beneficios. Para tal efecto, confiere poder a APA, a los efectos de la protecci\u00f3n que le garantiza la ley. (Ley N\u00ba 1.328\/98 \u201cDE DERECHO DE AUTOR Y DERECHOS CONEXOS).<\/p>\n<h4>\u00bfSi tengo licencias de SGP (SOCIEDAD DE GESTI\u00d3N DE PRODUCTORES FONOGR\u00c1FICOS DEL PARAGUAY) y AIE (ASOCIACI\u00d3N DE INTERPRETES Y EJECUTANTES), por qu\u00e9 necesito licencia de APA?<\/h4>\n<p>Porque APA representa a los autores. Las dem\u00e1s sociedades son representantes de productores fonogr\u00e1ficos y de los int\u00e9rpretes que no guardan relaci\u00f3n institucional, administrativa, ni de naturaleza alguna con APA. No se trata de elegir a qu\u00e9 sociedad se va abonar. Cada una representa derechos e intereses de diferentes titulares. En todos los casos, debe abonar por el uso de la m\u00fasica o la obra art\u00edstica al autor, es decir, a su representante legal que es APA.-<\/p>\n<h3>\u00bfCU\u00c1LES TIPOS DE M\u00daSICA REPRESENTA APA?<\/h3>\n<p>APA representa a todos los autores nacionales y extranjeros, creadores de todo tipo de m\u00fasica: folcl\u00f3rica, popular, cl\u00e1sica, etc.<\/p>\n<h3>\u00bfSI NO OBTENGO LA AUTORIZACI\u00d3N PREVIA POR APA, PODR\u00cdA SER CARGADO CON INFRACCI\u00d3N DEL DERECHO DE AUTOR?<\/h3>\n<p>El usuario de la obra musical o art\u00edstica, debe obtener la licencia previa, abonar la tarifa prevista y declarar la n\u00f3mina de las obras utilizadas. La autorizaci\u00f3n previa a la utilizaci\u00f3n de m\u00fasica, es un requisito imprescindible para evitar caer en la comisi\u00f3n de un delito previsto y penado por la ley, la cual determina que las infracciones al derecho de propiedad intelectual o derecho de autor, tendr\u00e1n una pena de hasta 5 a\u00f1os de c\u00e1rcel y, en los casos especialmente graves, hasta 8 a\u00f1os. Todo ello sin perjuicio del pago de los derechos adeudados y las sanciones administrativas que podr\u00e1 aplicar, previo sumario, la Direcci\u00f3n Nacional de Derecho de Autor dependiente de la DINAPI<\/p>\n<h3>\u00bfCU\u00c1L ES LA BASE LEGAL DE LA TARIFA PARA LAS LICENCIAS DE APA?<\/h3>\n<p>La tarifa de APA se fija de conformidad con lo que establece el Art. 142 inc. 4) de la Ley N\u00ba 1.328\/98 \u201cDE DERECHO DE AUTOR Y DERECHOS CONEXOS\u201d. Son tres los sistemas para el cobro por uso del repertorio societario administrado por APA: A) SISTEMA DE PORCENTAJE; B) SISTEMA DE UNIDAD DE MEDIDA denominada UDA (UNIDAD DE DERECHO DE AUTOR) y C) SISTEMA DE COBRO M\u00cdNIMO POR PERSONA. La tarifa est\u00e1 a disposici\u00f3n de los usuarios, y son para conocimiento p\u00fablico.<\/p>\n<p>EN RES\u00daMEN: APA LICENCIA (OTORGA EL PERMISO PREVIO), RECAUDA (PERCIBE LOS DERECHOS CONFORME A LA TARIFA) Y FINALMENTE, DISTRIBUYE LO RECAUDADO A LOS AUTORES NACIONALES EN FORMA DIRECTA Y POR MEDIO DE SUS SOCIEDADES A LOS EXTRANJEROS.-<\/p>\n<h3>\u00bfPOR QU\u00c9 SE UTILIZA EL REPERTORIO MUSICAL?<\/h3>\n<p>Los acontecimientos sociales, culturales, pol\u00edticos, familiares y otros, parecer\u00eda no tener una motivaci\u00f3n de exaltaci\u00f3n y alegr\u00eda espiritual sin la m\u00fasica. Las obras musicales tienen sus due\u00f1os que son los autores y que reclaman con justo derecho la recompensa econ\u00f3mica que merece por su trabajo y su talento, su sensibilidad y sus creaciones art\u00edsticas. Sin el ambiente de m\u00fasica, los acontecimientos evidentemente no tienen la alegr\u00eda que conlleva la difusi\u00f3n del repertorio musical.<\/p>\n<h3>\u00bfNO ABONAR EL DERECHO DE AUTOR, CONSTITUYE UN DELITO?<\/h3>\n<p>A.P.A., puede iniciar juicio ordinario a personas f\u00edsica o jur\u00eddicas que evadan el pago de los aranceles de los derechos autorales, obteniendo por orden judicial el retiro del repertorio societario que administra las obras art\u00edsticas. AUTORES PARAGUAYOS ASOCIADOS (A.P.A.) REPRESENTA EN EL PARAGUAY A LAS SOCIEDADES DE GESTI\u00d3N COLECTIVA DE TODO EL MUNDO POR ESO ESTA AUTORIZADA A PERCIBIR EL DERECHO DE AUTOR DE LAS OBRAS ART\u00cdSTICAS CULTURALES Y MUSICALES INTERNACIONALES.<\/p>\n<h3>\u00bfQU\u00c9 ES EL ARANCEL QUE PERCIBE APA?<\/h3>\n<p>El arancel no es impuesto, no es una tasa, es una tarifa especial que se abona por la utilizaci\u00f3n del repertorio administrativo por A.P.A., en protecci\u00f3n al creador, autor asociado a la entidad. \u00bfPor qu\u00e9 A.P.A. percibe aranceles por repertorios de autores extranjeros? Autores Paraguayos Asociados (A.P.A.), es una sociedad de gesti\u00f3n colectiva autoral en el pa\u00eds y por contratos de reciprocidad firmados con entidades similares de otras naciones representa a los autores asociados en dichas entidades. Es decir, A.P.A., es la administradora del repertorio musical y art\u00edstico de sus iguales en el mundo. En efecto, A.P.A., es un miembro de la Confederaci\u00f3n Internacional de Sociedades de Autores y Compositores (CISAC), organizaci\u00f3n mundial de protecci\u00f3n intelectual; Comit\u00e9 Iberoamericano, Latino autor y se suscribe a organismos oficiales internacionales de los derechos intelectuales.<\/p>\n<h3>\u00bfDE QU\u00c9 VIVE EL AUTOR?<\/h3>\n<p>El autor vive de la producci\u00f3n econ\u00f3mica de sus obras, es un trabajador intelectual que merece por ello no solamente el respeto, la consideraci\u00f3n y la admiraci\u00f3n, sino como ser humano, y sobre todo como creador, tener una vida digna y bienestar.<\/p>\n<h3>\u00bfPOR QU\u00c9 EXISTEN LAS SOCIEDADES DE GESTI\u00d3N COLECTIVA?<\/h3>\n<p>Existen las sociedades de gesti\u00f3n colectiva, como A.P.A., al ser imposible la administraci\u00f3n unipersonal al autor de sus obras art\u00edsticas. As\u00ed nacieron estas sociedades que nuclean a los creadores para proteger y administrar sus obras, en el caso de A.P.A. en todo el pa\u00eds.<\/p>\n<p>LA MEJOR MANERA DE FORTALECER LA CREACI\u00d3N ART\u00cdSTICA Y CULTURAL DE LA NACI\u00d3N ES PAGANDO EL DERECHO DE AUTOR.<\/p>\n<h3>\u00bfC\u00d3MO Y QUIENES CONTROLAN EL MANEJO ADMINISTRATIVO?<\/h3>\n<p>Existe un severo mecanismo de control sobre el manejo administrativo de la entidad. En primer t\u00e9rmino, los propios asociados por intermedio de las asambleas que tienen a su cargo el estudio, el rechazo o la aprobaci\u00f3n del balance anual de recaudaci\u00f3n y gastos y, del presupuesto. La Comisi\u00f3n Fiscalizadora tiene a su cargo la revisi\u00f3n y fiscalizaci\u00f3n de toda la documentaci\u00f3n administrativa y emitir un informe sobre el mismo que se presenta a la asamblea. Los miembros de esta Comisi\u00f3n son electos por asamblea y sus funciones no est\u00e1n supeditadas a la Comisi\u00f3n Directiva. La Direcci\u00f3n Nacional de Derecho de Autor, de la DINAPI, supervisa, rechaza o aprueba los balances anuales de la Sociedad. La vigilancia permanente de las Sociedades de Gesti\u00f3n Colectiva del exterior con las cuales APA, tiene contrato de reciprocidad.<\/p>\n<h3>\u00bfQU\u00c9 DEBEN EXIGIR LOS USUARIOS A LOS INSPECTORES Y AGENTES?<\/h3>\n<p>Los usuarios deben exigir a los inspectores y agentes del carnet que los habilitan como tal, con fotograf\u00eda del mismo, sello, firma del secretario y del presidente de APA. As\u00ed tambi\u00e9n la expedici\u00f3n de recibos de la entidad por el monto abonado por derecho de autor. Cualquier irregularidad debe denunciar en forma seria a las autoridades de APA, para tomarse las medidas correctivas del caso.<\/p>\n<p>EL DERECHO DEL AUTOR ES UN DERECHO PRIVADO.<\/p>\n<h3>\u00bfCU\u00c1L ES EL SISTEMA DE DISTRIBUCI\u00d3N DEL DERECHO DE AUTOR?<\/h3>\n<p>El sistema de la administraci\u00f3n del derecho de autor es universal y se basa en las planillas de ejecuci\u00f3n, que presentan los directores de grupos art\u00edsticos, o que presentan los inspectores que cubren eventos. MONITOREO electr\u00f3nico de radioemisoras, canales de televisi\u00f3n, usuarios del repertorio ejecutado y percibido el derecho de autor.<\/p>\n<p>Anualmente se remesa el dinero que corresponde a las Sociedades de Gesti\u00f3n Colectiva del exterior cuya representaci\u00f3n tiene APA, en Paraguay. A modo de soporte se complementa con el monitoreo a los medios de comunicaci\u00f3n social. A mayor \u00e9xito corresponde mayor pago.<\/p>\n<h3>\u00bfQUE ES DERECHO DE AUTOR?<\/h3>\n<p>Los creadores gozan de un derecho de propiedad intelectual sobre sus obras. Es el denominado derecho de autor, uno de los derechos humanos contenido en la Declaraci\u00f3n Universal de los Derechos Humanos, art\u00edculo 27, numeral 2, del 10 de diciembre de 1948.<\/p>\n<p>Este derecho permite a sus titulares autorizar o prohibir la utilizaci\u00f3n de las obras de su autor\u00eda y recibir la remuneraci\u00f3n que les corresponde por dicha utilizaci\u00f3n.<\/p>\n<p>De esta manera, el derecho de autor estimula la creaci\u00f3n intelectual y, por consiguiente, el desarrollo cultural de las naciones.<\/p>\n<h4>\u00bfPor qu\u00e9 el derecho de autor es unos de los derechos humanos?<\/h4>\n<p>La evoluci\u00f3n de la humanidad ha permitido la conquista del respecto a dignidad de las personas, la valoraci\u00f3n de su talento y de sus obras art\u00edsticas, literarias, po\u00e9ticas, musicales, cient\u00edficas y otras como patrimonio cultural de los pueblos, y en consecuencia de la humanidad entera.<\/p>\n<p>En esa inteligencia de la Organizaci\u00f3n de las Naciones Unidas (ONU), ha incluido en su declaraci\u00f3n de principios que: \u201cEl derecho de autor es uno de los derechos humanos\u201d. El Paraguay como pa\u00eds componente de la ONU ha ratificado dichos principios.<\/p>\n<p>EL DERECHO DEL AUTOR ES UNOS DE LOS DERECHOS HUMANOS.<\/p>\n<h4>LEYES \u2013 DERECHOS DE AUTOR<\/h4>\n<h4>\u00bfLa Constituci\u00f3n Nacional protege a los Autores?<\/h4>\n<p>La Constituci\u00f3n Nacional de 1992, protege a los autores en el art\u00edculo 110 de la Carta Magna: \u201cLos derechos de autor y propiedad intelectual\u201d, dispone: \u201cTodo autor, inventor, productor o comerciante gozar\u00e1 de la propiedad exclusiva de su obra, invenci\u00f3n, marca o nombre comercial con arreglo a la ley\u201d.<\/p>\n<h3>\u00bfPor qu\u00e9 A.P.A. percibe el 10% de la recaudaci\u00f3n de los espect\u00e1culos en los que se utilizan repertorios administrados por la entidad?<\/h3>\n<p>En virtud de la ley Nro. 1.328\/98 \u201cDe Derecho de y Derechos Conexos\u201d A.P.A. est\u00e1 autorizada a percibir el Derecho de Autor. En cada representaci\u00f3n o ejecuci\u00f3n, y el 15% (Quince por ciento) dicho monto en la Funci\u00f3n de estreno\u201d.<\/p>\n<p>Por disposici\u00f3n de la ley 1328\/98, Art\u00edculo:108: \u201cCuando la remuneraci\u00f3n del autor no haya sido fijada contractualmente, le corresponder\u00e1 el equivalente al 10% (Diez Por ciento) del valor de las entradas vendidas<\/p>\n<p>Los due\u00f1os de locales son responsables con los organizadores de los actos donde se realizan comunicaci\u00f3n P\u00fablica.<\/p>\n<p>Conforme a la Ley Nro. 1.328\/98, son responsables conforme al Art\u00edculo 109: El propietario, socio, gerente, director o responsable de las actividades de los establecimientos donde se realicen actos de comunicaci\u00f3n p\u00fablica que utilicen obras, interpretaciones o producciones protegidas por la presente ley, responder\u00e1 solidariamente con el organizador del acto por la violaciones a los derechos respectivos que tengan efecto en dichos locales o empresas, sin perjuicio de las responsabilidades penales que correspondan.<\/p>\n<p>DESDE 1951, ESTA VIGENTE EL DERECHO AUTOR EN EL PARAGUAY.<br \/>\nLA COMISION DIRECTIVA DE APA BUSCA TRABAJAR CON HONESTIDAD Y TRANSPARENCIA.<\/p>\n<p>POR DISPOSICI\u00d3N DE LA LEY 1.328 DE DERECHO DE AUTOR Y DERECHOS CONEXOS EN PLENA VIGENCIA, CORRESPONDE PERCIBIR A APA, EL 10 POR CIENTO, SOBRE LAS ENTRADAS VENDIDAS EN EVENTOS, FESTIVALES, BAILES Y ACONTECIMIENTOS EN EL QUE SE UTILIZAN EL REPERTORIO ADMINISTRADO POR AUTORES PARAGUAYOS ASOCIADOS (A.P.A.).<\/p>\n<p>M\u00c1S RECAUDACI\u00d3N SIGNIFICA UN MAYOR PAGO Y MEJOR ATENCI\u00d3N A LOS AUTORES.<\/p>\n<p>AUTORES PARAGUAYOS ASOCIADOS (APA)<\/p>\n<p>\u00abPara proteger las creaciones cient\u00edficas, literarias y art\u00edsticas, y crear el registro p\u00fablico de derechos intelectuales.\u00bb.<\/p>\n<p>La funci\u00f3n principal que desempe\u00f1a es la de proteger y administrar los derechos autorales de sus asociados.<\/p>\n<p>Concede tambi\u00e9n a los socios autores algunos beneficios sociales y culturales y una escuela de m\u00fasica reconocida por el ministerio de Educaci\u00f3n y culto con ense\u00f1anza totalmente gratuita.<\/p>\n<p>Posee local propio y cuenta con 44 empleados administrativos, 15 profesionales contratados, 15 Inspectores y 170 cobradores comisionistas en todo el territorio de la Rep\u00fablica.<\/p>\n<p>Cuenta con casi 3000 asociados de todo el pa\u00eds.<\/p>\n<p>Actualmente funciona en la entidad una escuela de m\u00fasica, reconocida por el Ministerio de Educaci\u00f3n y Culto. Al t\u00e9rmino del ciclo que consta de 3 a\u00f1os, el egresado recibe el T\u00edtulo de Profesor Elemental de Teor\u00eda y Solfeo.[\/vc_column_text][\/vc_column][\/vc_row]\n<\/div>","protected":false},"excerpt":{"rendered":"<p>[vc_row][vc_column][vc_column_text] \u00bfQU\u00c9 ES APA? Autores Paraguayos Asociados (APA) es una entidad civil de acci\u00f3n privada, sin fines de lucro, con domicilio legal en la Ciudad de Asunci\u00f3n, Capital de la rep\u00fablica del Paraguay, que se rige por sus Estatutos Sociales&hellip;<\/p>\n","protected":false},"author":1,"featured_media":0,"parent":0,"menu_order":0,"comment_status":"closed","ping_status":"closed","template":"","meta":{"footnotes":""},"class_list":["post-671","page","type-page","status-publish","hentry","entry","no-media"],"_links":{"self":[{"href":"https:\/\/apapy.org\/sjapa\/wp-json\/wp\/v2\/pages\/671","targetHints":{"allow":["GET"]}}],"collection":[{"href":"https:\/\/apapy.org\/sjapa\/wp-json\/wp\/v2\/pages"}],"about":[{"href":"https:\/\/apapy.org\/sjapa\/wp-json\/wp\/v2\/types\/page"}],"author":[{"embeddable":true,"href":"https:\/\/apapy.org\/sjapa\/wp-json\/wp\/v2\/users\/1"}],"replies":[{"embeddable":true,"href":"https:\/\/apapy.org\/sjapa\/wp-json\/wp\/v2\/comments?post=671"}],"version-history":[{"count":4,"href":"https:\/\/apapy.org\/sjapa\/wp-json\/wp\/v2\/pages\/671\/revisions"}],"predecessor-version":[{"id":3572,"href":"https:\/\/apapy.org\/sjapa\/wp-json\/wp\/v2\/pages\/671\/revisions\/3572"}],"wp:attachment":[{"href":"https:\/\/apapy.org\/sjapa\/wp-json\/wp\/v2\/media?parent=671"}],"curies":[{"name":"wp","href":"https:\/\/api.w.org\/{rel}","templated":true}]}}